{"id":13,"date":"2022-05-20T20:40:43","date_gmt":"2022-05-20T20:40:43","guid":{"rendered":"https:\/\/www.adprotalsas.com\/?page_id=13"},"modified":"2022-05-25T15:49:12","modified_gmt":"2022-05-25T15:49:12","slug":"inicio","status":"publish","type":"page","link":"https:\/\/www.adprotalsas.com\/","title":{"rendered":"Inicio"},"content":{"rendered":"<link rel=\"stylesheet\" href=\"https:\/\/www.adprotalsas.com\/wp-content\/plugins\/elementor\/assets\/css\/widget-icon-list.min.css\">\n<ul>\n<li>\n\t\t\t\t\t\t\t\t\t\t\t<a href=\"https:\/\/www.facebook.com\/Adprotal-103029795398367\"><br \/>\n\t\t\t\t\t\t\t\t\t\t\t<\/a>\n\t\t\t\t\t\t\t\t\t<\/li>\n<li>\n\t\t\t\t\t\t\t\t\t\t\t<a href=\"https:\/\/www.instagram.com\/adprotal\/\"><br \/>\n\t\t\t\t\t\t\t\t\t\t\t<\/a>\n\t\t\t\t\t\t\t\t\t<\/li>\n<li>\n\t\t\t\t\t\t\t\t\t\t\t<a href=\"#\"><br \/>\n\t\t\t\t\t\t\t\t\t\t\t<\/a>\n\t\t\t\t\t\t\t\t\t<\/li>\n<\/ul>\n<style>\/*! elementor - v3.6.5 - 27-04-2022 *\/\n.elementor-heading-title{padding:0;margin:0;line-height:1}.elementor-widget-heading .elementor-heading-title[class*=elementor-size-]>a{color:inherit;font-size:inherit;line-height:inherit}.elementor-widget-heading .elementor-heading-title.elementor-size-small{font-size:15px}.elementor-widget-heading .elementor-heading-title.elementor-size-medium{font-size:19px}.elementor-widget-heading .elementor-heading-title.elementor-size-large{font-size:29px}.elementor-widget-heading .elementor-heading-title.elementor-size-xl{font-size:39px}.elementor-widget-heading .elementor-heading-title.elementor-size-xxl{font-size:59px}<\/style>\n<h2>Trabajamos <\/h2>\n<h2>por su<\/h2>\n<h2>Bienestar<\/h2>\n<h1>Administraci\u00f3n de propiedad horizontal<\/h1>\n<p>\t\t\t<a href=\"#\" role=\"button\"><br \/>\n\t\t\t\t\t\tHablemos<br \/>\n\t\t\t\t\t<\/a><\/p>\n<style>\/*! elementor - v3.6.5 - 27-04-2022 *\/\n.e-container.e-container--row .elementor-spacer-inner{width:var(--spacer-size)}.e-container.e-container--column .elementor-spacer-inner,.elementor-column .elementor-spacer-inner{height:var(--spacer-size)}<\/style>\n<h2><spam style=\"font-weight: bold;\">El \u00e9xito es un camino<\/spam>, no un punto de llegada<\/h2>\n<h2>Servicios<\/h2>\n<link rel=\"stylesheet\" href=\"https:\/\/www.adprotalsas.com\/wp-content\/plugins\/elementor\/assets\/css\/widget-icon-box.min.css\">\n<h3>\n\t\t\t\t\t\tPropiedad Horizontal<br \/>\n\t\t\t\t<\/h3>\n<p>\n\t\t\t\t\t\t Administraci\u00f3n de edificios, conjuntos residenciales, condominios, centros<br \/>\ncomerciales, casas y apartamentos&#8230;\t\t\t\t\t<\/p>\n<p>\t\t\t<a href=\"https:\/\/www.adprotalsas.com\/?page_id=219\" role=\"button\"><br \/>\n\t\t\t\t\t\tQuiero saber mas<br \/>\n\t\t\t\t\t<\/a><\/p>\n<h3>\n\t\t\t\t\t\tAsesor\u00eda jur\u00eddica<br \/>\n\t\t\t\t<\/h3>\n<p>\n\t\t\t\t\t\t Asesor\u00eda jur\u00eddica, en Propiedad Horizontal, bienes inmuebles, proceso de<br \/>\nrestituci\u00f3n de inmueble&#8230;\t\t\t\t\t<\/p>\n<p>\t\t\t<a href=\"https:\/\/www.adprotalsas.com\/?page_id=219\" role=\"button\"><br \/>\n\t\t\t\t\t\tQuiero saber mas<br \/>\n\t\t\t\t\t<\/a><\/p>\n<h3>\n\t\t\t\t\t\tCobro de Cartera<br \/>\n\t\t\t\t<\/h3>\n<p>\nUtiliza nuestra plataforma tecnol\u00f3gica para no dejar incrementar la cartera y reducir la que ya tiene hasta en un 20%&#8230;\t\t\t\t\t<\/p>\n<p>\t\t\t<a href=\"https:\/\/www.adprotalsas.com\/?page_id=219\" role=\"button\"><br \/>\n\t\t\t\t\t\tQuiero saber mas<br \/>\n\t\t\t\t\t<\/a><\/p>\n<h3>\n\t\t\t\t\t\tCapacitaci\u00f3n a Administradores de P.H.<br \/>\n\t\t\t\t<\/h3>\n<p>\nUtiliza nuestra plataforma tecnol\u00f3gica para no dejar incrementar la cartera y reducir la que ya tiene hasta en un 20%&#8230;\t\t\t\t\t<\/p>\n<p>\t\t\t<a href=\"https:\/\/www.adprotalsas.com\/?page_id=219\" role=\"button\"><br \/>\n\t\t\t\t\t\tQuiero saber mas<br \/>\n\t\t\t\t\t<\/a><\/p>\n<p style=\"text-align: center;\">Empresa bajo la direcci\u00f3n de  Lorena Rengifo Arroyave, profesional en administraci\u00f3n de empresas, quien cuenta con m\u00e1s de once (11) a\u00f1os de experiencia en la administraci\u00f3n de propiedad horizontal y que con su amplio conocimiento y grupo de trabajo preparado, interdisciplinario, conformado por profesionales y t\u00e9cnicos en el medio, le han permitido destacarse en el \u00e1mbito gerencial de propiedad horizontal<\/p>\n<p>\t\t\t<a href=\"https:\/\/www.adprotalsas.com\/?page_id=223\" role=\"button\"><br \/>\n\t\t\t\t\t\tCon\u00f3cenos<br \/>\n\t\t\t\t\t<\/a><\/p>\n<style>\/*! elementor - v3.6.5 - 27-04-2022 *\/\n.elementor-widget-image{text-align:center}.elementor-widget-image a{display:inline-block}.elementor-widget-image a img[src$=\".svg\"]{width:48px}.elementor-widget-image img{vertical-align:middle;display:inline-block}<\/style>\n<p>\t\t\t\t\t\t\t\t\t\t\t\t<img decoding=\"async\" width=\"1024\" height=\"682\" src=\"https:\/\/www.adprotalsas.com\/wp-content\/uploads\/2022\/05\/adprotal-familia-e1653140886570-1024x682.jpg\" alt=\"\" loading=\"lazy\" srcset=\"https:\/\/www.adprotalsas.com\/wp-content\/uploads\/2022\/05\/adprotal-familia-e1653140886570-1024x682.jpg 1024w, https:\/\/www.adprotalsas.com\/wp-content\/uploads\/2022\/05\/adprotal-familia-e1653140886570-300x200.jpg 300w, https:\/\/www.adprotalsas.com\/wp-content\/uploads\/2022\/05\/adprotal-familia-e1653140886570-768x511.jpg 768w, https:\/\/www.adprotalsas.com\/wp-content\/uploads\/2022\/05\/adprotal-familia-e1653140886570.jpg 1200w\" sizes=\"auto, (max-width: 1024px) 100vw, 1024px\" \/>\t\t\t\t\t\t\t\t\t\t\t\t\t\t\t<\/p>\n<h2>Nuestro trabajo es darte tranquilidad <\/h2>\n<p>Nuestro equipo de profesionales cuenta con una amplia experiencia en la\u00a0gerencia de propiedad horizontal, permiti\u00e9ndonos proporcionarles servicios de calidad, hacer cumplir el reglamento interno estipulado, tener un correcto mantenimiento de la copropiedad, solucionar problemas dentro de nuestro alcance, obtener una agradable y segura habitabilidad, trabajar en pro del bienestar de todos los \u00e1mbitos a dirigir y de esta manera contribuir con el mejoramiento continu<\/p>\n<p>\t\t\t\t\t\tPrestan un excelente servicio, super recomendado<br \/>\n\t\t\t\t\t<cite>Camila GomezCopropietaria<\/cite><br \/>\n\t\t\t\t\t\t<img decoding=\"async\" src=\"https:\/\/www.adprotalsas.com\/wp-content\/uploads\/2022\/05\/MUJER-1.jpg\" alt=\"Camila Gomez\"><br \/>\n\t\t\t\t\t\tResponder de manera oportuna a las solicitudes y reclamos de los copropietarios<br \/>\n\t\t\t\t\t<cite>Alexcopropietario<\/cite><br \/>\n\t\t\t\t\t\t<img decoding=\"async\" src=\"https:\/\/www.adprotalsas.com\/wp-content\/uploads\/2022\/05\/JOVEN-1.jpg\" alt=\"Alex\"><br \/>\n\t\t\t\t\t\tBrindan un servicio de calidad y cumplen todas sus funciones al pie de la letra.<br \/>\n\t\t\t\t\t<cite>David Administrador<\/cite><br \/>\n\t\t\t\t\t\t<img decoding=\"async\" src=\"https:\/\/www.adprotalsas.com\/wp-content\/uploads\/2022\/05\/HOMBRE-1.jpg\" alt=\"David \"><br \/>\n\t\tLa \u00fanica forma de hacer un gran trabajo es<\/br><br \/>\nAmar lo que haces<\/p>\n<ul>\n<li>\n\t\t\t\t\t\t\t\t\t\tCali, Medell\u00edn, Bogota\n\t\t\t\t\t\t\t\t\t<\/li>\n<li>\n\t\t\t\t\t\t\t\t\t\t(+57) 123 456 7890\n\t\t\t\t\t\t\t\t\t<\/li>\n<li>\n\t\t\t\t\t\t\t\t\t\t(+57) 123 456 7890\n\t\t\t\t\t\t\t\t\t<\/li>\n<li>\n\t\t\t\t\t\t\t\t\t\tinfo@adprotalsas.com\n\t\t\t\t\t\t\t\t\t<\/li>\n<\/ul>\n<ul>\n<li>\n\t\t\t\t\t\t\t\t\t\t\t<a href=\"https:\/\/www.facebook.com\/Adprotal-103029795398367\"><br \/>\n\t\t\t\t\t\t\t\t\t\t\t<\/a>\n\t\t\t\t\t\t\t\t\t<\/li>\n<li>\n\t\t\t\t\t\t\t\t\t\t\t<a href=\"https:\/\/www.instagram.com\/adprotal\/\"><br \/>\n\t\t\t\t\t\t\t\t\t\t\t<\/a>\n\t\t\t\t\t\t\t\t\t<\/li>\n<li>\n\t\t\t\t\t\t\t\t\t\t\t<a href=\"#\"><br \/>\n\t\t\t\t\t\t\t\t\t\t\t<\/a>\n\t\t\t\t\t\t\t\t\t<\/li>\n<\/ul>\n","protected":false},"excerpt":{"rendered":"<p>Trabajamos por su Bienestar Administraci\u00f3n de propiedad horizontal Hablemos El \u00e9xito es un camino, no un punto de llegada Servicios Propiedad Horizontal Administraci\u00f3n de edificios, conjuntos residenciales, condominios, centros comerciales, casas y apartamentos&#8230; Quiero saber mas Asesor\u00eda jur\u00eddica Asesor\u00eda jur\u00eddica, en Propiedad Horizontal, bienes inmuebles, proceso de restituci\u00f3n de inmueble&#8230; Quiero saber mas Cobro de &hellip;<\/p>\n<p class=\"read-more\"> <a class=\"\" href=\"https:\/\/www.adprotalsas.com\/\"> <span class=\"screen-reader-text\">Inicio<\/span> Leer m\u00e1s &raquo;<\/a><\/p>\n","protected":false},"author":1,"featured_media":0,"parent":0,"menu_order":0,"comment_status":"closed","ping_status":"closed","template":"elementor_canvas","meta":{"site-sidebar-layout":"no-sidebar","site-content-layout":"page-builder","ast-global-header-display":"","ast-main-header-display":"","ast-hfb-above-header-display":"","ast-hfb-below-header-display":"","ast-hfb-mobile-header-display":"","site-post-title":"disabled","ast-breadcrumbs-content":"","ast-featured-img":"disabled","footer-sml-layout":"","theme-transparent-header-meta":"","adv-header-id-meta":"","stick-header-meta":"","header-above-stick-meta":"","header-main-stick-meta":"","header-below-stick-meta":"","footnotes":""},"class_list":["post-13","page","type-page","status-publish","hentry"],"_links":{"self":[{"href":"https:\/\/www.adprotalsas.com\/index.php?rest_route=\/wp\/v2\/pages\/13","targetHints":{"allow":["GET"]}}],"collection":[{"href":"https:\/\/www.adprotalsas.com\/index.php?rest_route=\/wp\/v2\/pages"}],"about":[{"href":"https:\/\/www.adprotalsas.com\/index.php?rest_route=\/wp\/v2\/types\/page"}],"author":[{"embeddable":true,"href":"https:\/\/www.adprotalsas.com\/index.php?rest_route=\/wp\/v2\/users\/1"}],"replies":[{"embeddable":true,"href":"https:\/\/www.adprotalsas.com\/index.php?rest_route=%2Fwp%2Fv2%2Fcomments&post=13"}],"version-history":[{"count":190,"href":"https:\/\/www.adprotalsas.com\/index.php?rest_route=\/wp\/v2\/pages\/13\/revisions"}],"predecessor-version":[{"id":383,"href":"https:\/\/www.adprotalsas.com\/index.php?rest_route=\/wp\/v2\/pages\/13\/revisions\/383"}],"wp:attachment":[{"href":"https:\/\/www.adprotalsas.com\/index.php?rest_route=%2Fwp%2Fv2%2Fmedia&parent=13"}],"curies":[{"name":"wp","href":"https:\/\/api.w.org\/{rel}","templated":true}]}}